?
225
What is the remainder when 38868972 is divided by 139?
124
What is the remainder when 115793373 is divided by 7623?
3
Calculate the remainder when 73268 is divided by 131.
39
Calculate the remainder when 203942 is divided by 98960.
6022
What is the remainder when 566490 is divided by 131?
46
Calculate the remainder when 1585572 is divided by 176173.
15
Calculate the remainder when 707217 is divided by 692.
685
What is the remainder when 981463 is divided by 92?
7
Calculate the remainder when 2766044 is divided by 411.
14
What is the remainder when 1807892 is divided by 2122?
2070
Calculate the remainder when 20802097 is divided by 1096.
17
What is the remainder when 1186533 is divided by 2193?
120
What is the remainder when 61681 is divided by 231?
4
Calculate the remainder when 11495479 is divided by 31.
28
Calculate the remainder when 204368 is divided by 204066.
302
What is the remainder when 1097267 is divided by 1097198?
69
What is the remainder when 15366516 is divided by 15366496?
20
What is the remainder when 139219 is divided by 46115?
874
What is the remainder when 167224 is divided by 1600?
824
What is the remainder when 1523786 is divided by 3256?
3234
What is the remainder when 1281695 is divided by 155?
0
Calculate the remainder when 98386 is divided by 524.
398
Calculate the remainder when 873593 is divided by 26472.
17
Calculate the remainder when 15888840 is divided by 7944411.
18
Calculate the remainder when 183721 is divided by 352.
329
Calculate the remainder when 126885 is divided by 1435.
605
What is the remainder when 296109693 is divided by 128?
125
Calculate the remainder when 6788812 is divided by 3394403.
6
What is the remainder when 8723885 is divided by 16809?
14
What is the remainder when 6077105 is divided by 99624?
41
What is the remainder when 7891437 is divided by 2630460?
57
Calculate the remainder when 173687 is divided by 16675.
6937
Calculate the remainder when 67879 is divided by 8438.
375
Calculate the remainder when 617857 is divided by 1999.
166
What is the remainder when 57372 is divided by 2245?
1247
What is the remainder when 3247460 is divided by 1082483?
11
Calculate the remainder when 2054699 is divided by 97842.
17
What is the remainder when 5908316 is divided by 33?
29
What is the remainder when 491046 is divided by 866?
24
Calculate the remainder when 1140378 is divided by 380123.
9
What is the remainder when 14379 is divided by 391?
303
What is the remainder when 12531424 is divided by 937?
923
What is the remainder when 399812731 is divided by 373?
372
Calculate the remainder when 546434 is divided by 95.
89
Calculate the remainder when 32226320 is divided by 57547.
0
Calculate the remainder when 47564594 is divided by 3460.
3434
Calculate the remainder when 173363 is divided by 850.
813
Calculate the remainder when 2827084 is divided by 993.
13
What is the remainder when 39820510 is divided by 604?
602
Calculate the remainder when 15800609 is divided by 68.
61
What is the remainder when 2013370 is divided by 52?
34
What is the remainder when 172867 is divided by 57537?
256
What is the remainder when 1737580 is divided by 2222?
2198
Calculate the remainder when 6750884 is divided by 11346.
14
What is the remainder when 546397344 is divided by 11?
9
What is the remainder when 54976 is divided by 1537?
1181
Calculate the remainder when 2199054 is divided by 13918.
10
What is the remainder when 6331660 is divided by 5407?
63
What is the remainder when 802626 is divided by 100160?
1346
Calculate the remainder when 1113509 is divided by 138.
125
What is the remainder when 4660668 is divided by 3417?
3297
Calculate the remainder when 435738 is divided by 781.
721
What is the remainder when 127040 is divided by 63214?
612
Calculate the remainder when 1475336 is divided by 3538.
3528
Calculate the remainder when 22828 is divided by 909.
103
What is the remainder when 23833 is divided by 11848?
137
Calculate the remainder when 357459 is divided by 178729.
1
Calculate the remainder when 571036 is divided by 285471.
94
Calculate the remainder when 8336639 is divided by 193875.
14
Calculate the remainder when 356052 is divided by 2917.
178
Calculate the remainder when 9828376 is divided by 283.
69
What is the remainder when 1099003 is divided by 1191?
901
What is the remainder when 97620502 is divided by 1128?
1126
Calculate the remainder when 60185961 is divided by 2063.
2062
What is the remainder when 1542896 is divided by 67078?
102
Calculate the remainder when 1057444 is divided by 3931.
5
Calculate the remainder when 4465904 is divided by 127597.
9
Calculate the remainder when 203275 is divided by 8837.
24
Calculate the remainder when 721234 is divided by 15017.
418
What is the remainder when 192269 is divided by 3213?
2702
Calculate the remainder when 2327362 is divided by 436.
430
Calculate the remainder when 2715 is divided by 1721.
994
What is the remainder when 1592885 is divided by 99531?
389
What is the remainder when 2581415 is divided by 68?
67
Calculate the remainder when 127382 is divided by 18173.
171
What is the remainder when 95138 is divided by 23760?
98
What is the remainder when 6217952 is divided by 371?
363
Calculate the remainder when 178529 is divided by 15917.
3442
Calculate the remainder when 382742 is divided by 76540.
42
What is the remainder when 3495244 is divided by 34585?
2159
What is the remainder when 5996059 is divided by 333114?
7
Calculate the remainder when 6902057 is divided by 6338.
6313
Calculate the remainder when 24196610 is divided by 365.
30
What is the remainder when 122368 is divided by 371?
309
What is the remainder when 8210852 is divided by 4460?
4452
What is the remainder when 944811 is divided by 179?
49
What is the remainder when 12391 is divided by 4130?
1
What is the remainder when 45661869 is divided by 887?
883
Calculate the remainder when 78243852 is divided by 19560959.
16
Calculate the remainder when 948633 is divided by 80.
73
Calculate the remainder when 24177091 is divided by 105.
1
What is the remainder when 33330111 is divided by 1706?
1695
Calculate the remainder when 138551 is divided by 540.
311
Calculate the remainder when 598664 is divided by 298748.
1168
Calculate the remainder when 5418551 is divided by 52.
47
Calculate the remainder when 5706 is divided by 1303.
494
Calculate the remainder when 28822211 is divided by 379.
19
Calculate the remainder when 1573357 is divided by 1573333.
24
Calculate the remainder when 108288 is divided by 108283.
5
Calculate the remainder when 7554 is divided by 1107.
912
What is the remainder when 30536 is divided by 850?
786
Calculate the remainder when 168237 is divided by 27931.
651
Calculate the remainder when 57597982 is divided by 1032.
1030
What is the remainder when 184099 is divided by 1770?
19
What is the remainder when 28167 is divided by 857?
743
What is the remainder when 120373 is divided by 39900?
673
What is the remainder when 1228761 is divided by 111698?
83
What is the remainder when 970143 is divided by 2444?
2319
What is the remainder when 17742153 is divided by 5914049?
6
Calculate the remainder when 218231 is divided by 15.
11
What is the remainder when 5073605 is divided by 79?
67
What is the remainder when 122444829 is divided by 48?
45
Calculate the remainder when 50067 is divided by 2807.
2348
What is the remainder when 10941657 is divided by 60?
57
Calculate the remainder when 7938834 is divided by 2204.
26
What is the remainder when 173374 is divided by 86126?
1122
What is the remainder when 774927 is divided by 14346?
243
What is the remainder when 10467695 is divided by 1854?
11
What is the remainder when 459586 is divided by 206?
0
Calculate the remainder when 137453 is divided by 27309.
908
Calculate the remainder when 282592 is divided by 4691.
1132
What is the remainder when 9131109 is divided by 929?
897
What is the remainder when 24834718 is divided by 3878?
6
What is the remainder when 61173 is divided by 4436?
3505
Calculate the remainder when 1392761 is divided by 66321.
20
What is the remainder when 1058551 is divided by 4285?
156
What is the remainder when 114103 is divided by 1463?
1452
What is the remainder when 42679 is divided by 42642?
37
Cal